{"id":3609,"date":"2021-12-15T17:58:01","date_gmt":"2021-12-15T16:58:01","guid":{"rendered":"https:\/\/svaler.local\/?page_id=3609"},"modified":"2022-02-09T07:03:29","modified_gmt":"2022-02-09T06:03:29","slug":"marco-legal","status":"publish","type":"page","link":"https:\/\/www.valer-f.es\/es\/marco-legal\/","title":{"rendered":"Marco Legal"},"content":{"rendered":"\t\t<div data-elementor-type=\"wp-page\" data-elementor-id=\"3609\" class=\"elementor elementor-3609\" data-elementor-post-type=\"page\">\n\t\t\t\t\t\t<section class=\"elementor-section elementor-top-section elementor-element elementor-element-0516cc2 elementor-section-height-min-height elementor-section-stretched header-img-bk-img elementor-section-boxed elementor-section-height-default elementor-section-items-middle elementor-invisible\" data-id=\"0516cc2\" data-element_type=\"section\" data-e-type=\"section\" data-settings=\"{&quot;background_background&quot;:&quot;classic&quot;,&quot;background_motion_fx_motion_fx_scrolling&quot;:&quot;yes&quot;,&quot;background_motion_fx_translateY_effect&quot;:&quot;yes&quot;,&quot;background_motion_fx_translateY_direction&quot;:&quot;negative&quot;,&quot;stretch_section&quot;:&quot;section-stretched&quot;,&quot;animation&quot;:&quot;fadeIn&quot;,&quot;animation_delay&quot;:250,&quot;background_motion_fx_translateY_speed&quot;:{&quot;unit&quot;:&quot;px&quot;,&quot;size&quot;:4,&quot;sizes&quot;:[]},&quot;background_motion_fx_translateY_affectedRange&quot;:{&quot;unit&quot;:&quot;%&quot;,&quot;size&quot;:&quot;&quot;,&quot;sizes&quot;:{&quot;start&quot;:0,&quot;end&quot;:100}},&quot;background_motion_fx_devices&quot;:[&quot;desktop&quot;,&quot;tablet&quot;,&quot;mobile&quot;]}\">\n\t\t\t\t\t\t\t<div class=\"elementor-background-overlay\"><\/div>\n\t\t\t\t\t\t\t<div class=\"elementor-container elementor-column-gap-default\">\n\t\t\t\t\t<div class=\"elementor-column elementor-col-100 elementor-top-column elementor-element elementor-element-29ae1dc\" data-id=\"29ae1dc\" data-element_type=\"column\" data-e-type=\"column\">\n\t\t\t<div class=\"elementor-widget-wrap\">\n\t\t\t\t\t\t\t<\/div>\n\t\t<\/div>\n\t\t\t\t\t<\/div>\n\t\t<\/section>\n\t\t\t\t<section class=\"elementor-section elementor-top-section elementor-element elementor-element-454cd1b elementor-section-full_width elementor-section-stretched elementor-section-height-default elementor-section-height-default elementor-invisible\" data-id=\"454cd1b\" data-element_type=\"section\" data-e-type=\"section\" data-settings=\"{&quot;background_background&quot;:&quot;classic&quot;,&quot;animation&quot;:&quot;fadeIn&quot;,&quot;stretch_section&quot;:&quot;section-stretched&quot;}\">\n\t\t\t\t\t\t<div class=\"elementor-container elementor-column-gap-default\">\n\t\t\t\t\t<div class=\"elementor-column elementor-col-100 elementor-top-column elementor-element elementor-element-ca7d8ac\" data-id=\"ca7d8ac\" data-element_type=\"column\" data-e-type=\"column\">\n\t\t\t<div class=\"elementor-widget-wrap elementor-element-populated\">\n\t\t\t\t\t\t<div class=\"elementor-element elementor-element-a8dbe32 header-img-page-title elementor-widget elementor-widget-heading\" data-id=\"a8dbe32\" data-element_type=\"widget\" data-e-type=\"widget\" data-widget_type=\"heading.default\">\n\t\t\t\t<div class=\"elementor-widget-container\">\n\t\t\t\t\t<h1 class=\"elementor-heading-title elementor-size-default\">Marco Legal<\/h1>\t\t\t\t<\/div>\n\t\t\t\t<\/div>\n\t\t\t\t\t<\/div>\n\t\t<\/div>\n\t\t\t\t\t<\/div>\n\t\t<\/section>\n\t\t\t\t<section class=\"elementor-section elementor-top-section elementor-element elementor-element-c59a030 elementor-section-boxed elementor-section-height-default elementor-section-height-default\" data-id=\"c59a030\" data-element_type=\"section\" data-e-type=\"section\">\n\t\t\t\t\t\t<div class=\"elementor-container elementor-column-gap-default\">\n\t\t\t\t\t<div class=\"elementor-column elementor-col-100 elementor-top-column elementor-element elementor-element-4004118\" data-id=\"4004118\" data-element_type=\"column\" data-e-type=\"column\">\n\t\t\t<div class=\"elementor-widget-wrap elementor-element-populated\">\n\t\t\t\t\t\t<div class=\"elementor-element elementor-element-3515db3 elementor-widget elementor-widget-text-editor\" data-id=\"3515db3\" data-element_type=\"widget\" data-e-type=\"widget\" data-widget_type=\"text-editor.default\">\n\t\t\t\t<div class=\"elementor-widget-container\">\n\t\t\t\t\t\t\t\t\t<p>En julio de 2021, la Generalitat Valenciana crea la Fundaci\u00f3n de la Comunitat Valenciana de Investigaci\u00f3n de Excelencia (ValER), que se constituye como una Fundaci\u00f3n del Sector P\u00fablico Instrumental de la Generalitat, sin \u00e1nimo de lucro, en el marco de lo previsto en la Ley 8\/1998, de 9 de diciembre, de la Generalitat, de Fundaciones de la Comunitat Valenciana, bajo la tutela del Protectorado que ejerce la Generalitat. El objetivo de ValER es contribuir al impulso, la promoci\u00f3n y el desarrollo de la investigaci\u00f3n y del conocimiento cient\u00edfico, human\u00edstico y tecnol\u00f3gico, facilitando la progresiva consolidaci\u00f3n del colectivo del personal investigador y cient\u00edfico arraigado en la Comunitat Valenciana.<\/p>\n<p>ValER, con&nbsp;personalidad jur\u00eddica y plena capacidad de obrar para el cumplimiento de sus fines, una vez inscrita la correspondiente escritura p\u00fablica de constituci\u00f3n en el Registro de Fundaciones de la Comunitat Valenciana, el d\u00eda 22 de septiembre de 2021, queda adscrita a la Conselleria competente en materia de pol\u00edtica cient\u00edfica.<\/p>\n<p>A trav\u00e9s de&nbsp;Acuerdo del Consell de 9 de julio de 2021, se aprueban sus&nbsp;estatutos&nbsp;(DOGV n\u00fam. 9210 de 08.11.2021) con el objetivo de dotar a ValER de una estructura de funcionamiento y organizaci\u00f3n flexible y aut\u00f3noma para el cumplimiento de sus fines.<\/p>\t\t\t\t\t\t\t\t<\/div>\n\t\t\t\t<\/div>\n\t\t\t\t\t<\/div>\n\t\t<\/div>\n\t\t\t\t\t<\/div>\n\t\t<\/section>\n\t\t\t\t<section class=\"elementor-section elementor-top-section elementor-element elementor-element-1d332c8 elementor-section-boxed elementor-section-height-default elementor-section-height-default\" data-id=\"1d332c8\" data-element_type=\"section\" data-e-type=\"section\">\n\t\t\t\t\t\t<div class=\"elementor-container elementor-column-gap-default\">\n\t\t\t\t\t<div class=\"elementor-column elementor-col-100 elementor-top-column elementor-element elementor-element-df82b0c\" data-id=\"df82b0c\" data-element_type=\"column\" data-e-type=\"column\">\n\t\t\t<div class=\"elementor-widget-wrap elementor-element-populated\">\n\t\t\t\t\t\t<div class=\"elementor-element elementor-element-7853003 elementor-widget-divider--view-line elementor-widget elementor-widget-divider\" data-id=\"7853003\" data-element_type=\"widget\" data-e-type=\"widget\" data-widget_type=\"divider.default\">\n\t\t\t\t<div class=\"elementor-widget-container\">\n\t\t\t\t\t\t\t<div class=\"elementor-divider\">\n\t\t\t<span class=\"elementor-divider-separator\">\n\t\t\t\t\t\t<\/span>\n\t\t<\/div>\n\t\t\t\t\t\t<\/div>\n\t\t\t\t<\/div>\n\t\t\t\t\t<\/div>\n\t\t<\/div>\n\t\t\t\t\t<\/div>\n\t\t<\/section>\n\t\t\t\t<section class=\"elementor-section elementor-top-section elementor-element elementor-element-e26b23d elementor-section-boxed elementor-section-height-default elementor-section-height-default\" data-id=\"e26b23d\" data-element_type=\"section\" data-e-type=\"section\">\n\t\t\t\t\t\t<div class=\"elementor-container elementor-column-gap-default\">\n\t\t\t\t\t<div class=\"elementor-column elementor-col-100 elementor-top-column elementor-element elementor-element-cf3b532\" data-id=\"cf3b532\" data-element_type=\"column\" data-e-type=\"column\">\n\t\t\t<div class=\"elementor-widget-wrap elementor-element-populated\">\n\t\t\t\t\t\t<div class=\"elementor-element elementor-element-db8f29b elementor-widget elementor-widget-text-editor\" data-id=\"db8f29b\" data-element_type=\"widget\" data-e-type=\"widget\" data-widget_type=\"text-editor.default\">\n\t\t\t\t<div class=\"elementor-widget-container\">\n\t\t\t\t\t\t\t\t\t<h2>ESTATUTOS<\/h2>\t\t\t\t\t\t\t\t<\/div>\n\t\t\t\t<\/div>\n\t\t\t\t<div class=\"elementor-element elementor-element-00db0c7 elementor-widget elementor-widget-button\" data-id=\"00db0c7\" data-element_type=\"widget\" data-e-type=\"widget\" data-widget_type=\"button.default\">\n\t\t\t\t<div class=\"elementor-widget-container\">\n\t\t\t\t\t\t\t\t\t<div class=\"elementor-button-wrapper\">\n\t\t\t\t\t<a class=\"elementor-button elementor-button-link elementor-size-sm\" href=\"https:\/\/www.valer-f.es\/wp-content\/uploads\/docs\/sobre-nosotros\/Estatutos-ValER.pdf\" target=\"_blank\" rel=\"nofollow\">\n\t\t\t\t\t\t<span class=\"elementor-button-content-wrapper\">\n\t\t\t\t\t\t<span class=\"elementor-button-icon\">\n\t\t\t\t<i aria-hidden=\"true\" class=\"far fa-file-alt\"><\/i>\t\t\t<\/span>\n\t\t\t\t\t\t\t\t\t<span class=\"elementor-button-text\">Descargar Estatutos ValER<\/span>\n\t\t\t\t\t<\/span>\n\t\t\t\t\t<\/a>\n\t\t\t\t<\/div>\n\t\t\t\t\t\t\t\t<\/div>\n\t\t\t\t<\/div>\n\t\t\t\t\t<\/div>\n\t\t<\/div>\n\t\t\t\t\t<\/div>\n\t\t<\/section>\n\t\t\t\t<\/div>\n\t\t","protected":false},"excerpt":{"rendered":"<p>En julio de 2021, la Generalitat Valenciana crea la Fundaci\u00f3n de la Comunitat Valenciana de Investigaci\u00f3n de Excelencia (ValER), que se constituye como una Fundaci\u00f3n del Sector P\u00fablico Instrumental de la Generalitat, sin \u00e1nimo de lucro, en el marco de lo previsto en la Ley 8\/1998, de 9 de diciembre, de la Generalitat, de Fundaciones&hellip;<\/p>\n","protected":false},"author":3,"featured_media":7070,"parent":0,"menu_order":0,"comment_status":"closed","ping_status":"closed","template":"","meta":{"footnotes":""},"class_list":["post-3609","page","type-page","status-publish","has-post-thumbnail","hentry"],"_links":{"self":[{"href":"https:\/\/www.valer-f.es\/es\/wp-json\/wp\/v2\/pages\/3609","targetHints":{"allow":["GET"]}}],"collection":[{"href":"https:\/\/www.valer-f.es\/es\/wp-json\/wp\/v2\/pages"}],"about":[{"href":"https:\/\/www.valer-f.es\/es\/wp-json\/wp\/v2\/types\/page"}],"author":[{"embeddable":true,"href":"https:\/\/www.valer-f.es\/es\/wp-json\/wp\/v2\/users\/3"}],"replies":[{"embeddable":true,"href":"https:\/\/www.valer-f.es\/es\/wp-json\/wp\/v2\/comments?post=3609"}],"version-history":[{"count":0,"href":"https:\/\/www.valer-f.es\/es\/wp-json\/wp\/v2\/pages\/3609\/revisions"}],"wp:featuredmedia":[{"embeddable":true,"href":"https:\/\/www.valer-f.es\/es\/wp-json\/wp\/v2\/media\/7070"}],"wp:attachment":[{"href":"https:\/\/www.valer-f.es\/es\/wp-json\/wp\/v2\/media?parent=3609"}],"curies":[{"name":"wp","href":"https:\/\/api.w.org\/{rel}","templated":true}]}}

<div data-elementor-type="wp-page" data-elementor-id="3609" class="elementor elementor-3609" data-elementor-post-type="page">
						<section class="elementor-section elementor-top-section elementor-element elementor-element-0516cc2 elementor-section-height-min-height elementor-section-stretched header-img-bk-img elementor-section-boxed elementor-section-height-default elementor-section-items-middle elementor-invisible" data-id="0516cc2" data-element_type="section" data-e-type="section" data-settings="{&quot;background_background&quot;:&quot;classic&quot;,&quot;background_motion_fx_motion_fx_scrolling&quot;:&quot;yes&quot;,&quot;background_motion_fx_translateY_effect&quot;:&quot;yes&quot;,&quot;background_motion_fx_translateY_direction&quot;:&quot;negative&quot;,&quot;stretch_section&quot;:&quot;section-stretched&quot;,&quot;animation&quot;:&quot;fadeIn&quot;,&quot;animation_delay&quot;:250,&quot;background_motion_fx_translateY_speed&quot;:{&quot;unit&quot;:&quot;px&quot;,&quot;size&quot;:4,&quot;sizes&quot;:[]},&quot;background_motion_fx_translateY_affectedRange&quot;:{&quot;unit&quot;:&quot;%&quot;,&quot;size&quot;:&quot;&quot;,&quot;sizes&quot;:{&quot;start&quot;:0,&quot;end&quot;:100}},&quot;background_motion_fx_devices&quot;:[&quot;desktop&quot;,&quot;tablet&quot;,&quot;mobile&quot;]}">
							<div class="elementor-background-overlay"></div>
							<div class="elementor-container elementor-column-gap-default">
					<div class="elementor-column elementor-col-100 elementor-top-column elementor-element elementor-element-29ae1dc" data-id="29ae1dc" data-element_type="column" data-e-type="column">
			<div class="elementor-widget-wrap">
							</div>
		</div>
					</div>
		</section>
				<section class="elementor-section elementor-top-section elementor-element elementor-element-454cd1b elementor-section-full_width elementor-section-stretched elementor-section-height-default elementor-section-height-default elementor-invisible" data-id="454cd1b" data-element_type="section" data-e-type="section" data-settings="{&quot;background_background&quot;:&quot;classic&quot;,&quot;animation&quot;:&quot;fadeIn&quot;,&quot;stretch_section&quot;:&quot;section-stretched&quot;}">
						<div class="elementor-container elementor-column-gap-default">
					<div class="elementor-column elementor-col-100 elementor-top-column elementor-element elementor-element-ca7d8ac" data-id="ca7d8ac" data-element_type="column" data-e-type="column">
			<div class="elementor-widget-wrap elementor-element-populated">
						<div class="elementor-element elementor-element-a8dbe32 header-img-page-title elementor-widget elementor-widget-heading" data-id="a8dbe32" data-element_type="widget" data-e-type="widget" data-widget_type="heading.default">
				<div class="elementor-widget-container">
					<h1 class="elementor-heading-title elementor-size-default">Marco Legal</h1>				</div>
				</div>
					</div>
		</div>
					</div>
		</section>
				<section class="elementor-section elementor-top-section elementor-element elementor-element-c59a030 elementor-section-boxed elementor-section-height-default elementor-section-height-default" data-id="c59a030" data-element_type="section" data-e-type="section">
						<div class="elementor-container elementor-column-gap-default">
					<div class="elementor-column elementor-col-100 elementor-top-column elementor-element elementor-element-4004118" data-id="4004118" data-element_type="column" data-e-type="column">
			<div class="elementor-widget-wrap elementor-element-populated">
						<div class="elementor-element elementor-element-3515db3 elementor-widget elementor-widget-text-editor" data-id="3515db3" data-element_type="widget" data-e-type="widget" data-widget_type="text-editor.default">
				<div class="elementor-widget-container">
									<p>En julio de 2021, la Generalitat Valenciana crea la Fundación de la Comunitat Valenciana de Investigación de Excelencia (ValER), que se constituye como una Fundación del Sector Público Instrumental de la Generalitat, sin ánimo de lucro, en el marco de lo previsto en la Ley 8/1998, de 9 de diciembre, de la Generalitat, de Fundaciones de la Comunitat Valenciana, bajo la tutela del Protectorado que ejerce la Generalitat. El objetivo de ValER es contribuir al impulso, la promoción y el desarrollo de la investigación y del conocimiento científico, humanístico y tecnológico, facilitando la progresiva consolidación del colectivo del personal investigador y científico arraigado en la Comunitat Valenciana.</p>
<p>ValER, con&nbsp;personalidad jurídica y plena capacidad de obrar para el cumplimiento de sus fines, una vez inscrita la correspondiente escritura pública de constitución en el Registro de Fundaciones de la Comunitat Valenciana, el día 22 de septiembre de 2021, queda adscrita a la Conselleria competente en materia de política científica.</p>
<p>A través de&nbsp;Acuerdo del Consell de 9 de julio de 2021, se aprueban sus&nbsp;estatutos&nbsp;(DOGV núm. 9210 de 08.11.2021) con el objetivo de dotar a ValER de una estructura de funcionamiento y organización flexible y autónoma para el cumplimiento de sus fines.</p>								</div>
				</div>
					</div>
		</div>
					</div>
		</section>
				<section class="elementor-section elementor-top-section elementor-element elementor-element-1d332c8 elementor-section-boxed elementor-section-height-default elementor-section-height-default" data-id="1d332c8" data-element_type="section" data-e-type="section">
						<div class="elementor-container elementor-column-gap-default">
					<div class="elementor-column elementor-col-100 elementor-top-column elementor-element elementor-element-df82b0c" data-id="df82b0c" data-element_type="column" data-e-type="column">
			<div class="elementor-widget-wrap elementor-element-populated">
						<div class="elementor-element elementor-element-7853003 elementor-widget-divider--view-line elementor-widget elementor-widget-divider" data-id="7853003" data-element_type="widget" data-e-type="widget" data-widget_type="divider.default">
				<div class="elementor-widget-container">
							<div class="elementor-divider">
			<span class="elementor-divider-separator">
						</span>
		</div>
						</div>
				</div>
					</div>
		</div>
					</div>
		</section>
				<section class="elementor-section elementor-top-section elementor-element elementor-element-e26b23d elementor-section-boxed elementor-section-height-default elementor-section-height-default" data-id="e26b23d" data-element_type="section" data-e-type="section">
						<div class="elementor-container elementor-column-gap-default">
					<div class="elementor-column elementor-col-100 elementor-top-column elementor-element elementor-element-cf3b532" data-id="cf3b532" data-element_type="column" data-e-type="column">
			<div class="elementor-widget-wrap elementor-element-populated">
						<div class="elementor-element elementor-element-db8f29b elementor-widget elementor-widget-text-editor" data-id="db8f29b" data-element_type="widget" data-e-type="widget" data-widget_type="text-editor.default">
				<div class="elementor-widget-container">
									<h2>ESTATUTOS</h2>								</div>
				</div>
				<div class="elementor-element elementor-element-00db0c7 elementor-widget elementor-widget-button" data-id="00db0c7" data-element_type="widget" data-e-type="widget" data-widget_type="button.default">
				<div class="elementor-widget-container">
									<div class="elementor-button-wrapper">
					<a class="elementor-button elementor-button-link elementor-size-sm" href="https://www.valer-f.es/wp-content/uploads/docs/sobre-nosotros/Estatutos-ValER.pdf" target="_blank" rel="nofollow">
						<span class="elementor-button-content-wrapper">
						<span class="elementor-button-icon">
				<i aria-hidden="true" class="far fa-file-alt"></i>			</span>
									<span class="elementor-button-text">Descargar Estatutos ValER</span>
					</span>
					</a>
				</div>
								</div>
				</div>
					</div>
		</div>
					</div>
		</section>
				</div>

<p>En julio de 2021, la Generalitat Valenciana crea la Fundación de la Comunitat Valenciana de Investigación de Excelencia (ValER), que se constituye como una Fundación del Sector Público Instrumental de la Generalitat, sin ánimo de lucro, en el marco de lo previsto en la Ley 8/1998, de 9 de diciembre, de la Generalitat, de Fundaciones&hellip;</p>
