{"id":11797,"date":"2023-05-25T18:38:30","date_gmt":"2023-05-25T16:38:30","guid":{"rendered":"https:\/\/www.valer-f.es\/?page_id=11797"},"modified":"2023-06-13T15:59:45","modified_gmt":"2023-06-13T13:59:45","slug":"sistema-interno-de-informacion","status":"publish","type":"page","link":"https:\/\/www.valer-f.es\/es\/sistema-interno-de-informacion\/","title":{"rendered":"Sistema Interno de Informaci\u00f3n"},"content":{"rendered":"\t\t<div data-elementor-type=\"wp-page\" data-elementor-id=\"11797\" class=\"elementor elementor-11797 elementor-11796\" data-elementor-post-type=\"page\">\n\t\t\t\t\t\t<section class=\"elementor-section elementor-top-section elementor-element elementor-element-b973c39 elementor-section-boxed elementor-section-height-default elementor-section-height-default\" data-id=\"b973c39\" data-element_type=\"section\" data-e-type=\"section\">\n\t\t\t\t\t\t<div class=\"elementor-container elementor-column-gap-default\">\n\t\t\t\t\t<div class=\"elementor-column elementor-col-100 elementor-top-column elementor-element elementor-element-92da512\" data-id=\"92da512\" data-element_type=\"column\" data-e-type=\"column\">\n\t\t\t<div class=\"elementor-widget-wrap elementor-element-populated\">\n\t\t\t\t\t\t<div class=\"elementor-element elementor-element-43f5494 elementor-widget elementor-widget-text-editor\" data-id=\"43f5494\" data-element_type=\"widget\" data-e-type=\"widget\" data-widget_type=\"text-editor.default\">\n\t\t\t\t<div class=\"elementor-widget-container\">\n\t\t\t\t\t\t\t\t\t<p>Con el objetivo de dar cumplimiento a la Ley 2\/2023, de 20 de febrero, reguladora de la protecci\u00f3n de las personas que informen sobre infracciones normativas y de lucha contra la corrupci\u00f3n (BOE n\u00fam. 44, de 21 de febrero de 2023), el 8 de junio de 2023 el \u00f3rgano de gobierno de la Fundaci\u00f3n de la Comunitat Valenciana de Investigaci\u00f3n de Excelencia (ValER) acord\u00f3 por unanimidad la adhesi\u00f3n de la Fundaci\u00f3n al Sistema Interno de Informaci\u00f3n de la Administraci\u00f3n de la Generalitat (SII-GVA), compartiendo los tres elementos que lo integran, de modo que el responsable de la gesti\u00f3n de este sistema sea el mismo que el designado en el Sistema Interno de Informaci\u00f3n de la Administraci\u00f3n de la Generalitat.<\/p><p>Para acceder al Sistema Interno de Informaci\u00f3n visita el siguiente enlace:<\/p>\t\t\t\t\t\t\t\t<\/div>\n\t\t\t\t<\/div>\n\t\t\t\t\t<\/div>\n\t\t<\/div>\n\t\t\t\t\t<\/div>\n\t\t<\/section>\n\t\t\t\t<section class=\"elementor-section elementor-top-section elementor-element elementor-element-43be1cb elementor-section-boxed elementor-section-height-default elementor-section-height-default\" data-id=\"43be1cb\" data-element_type=\"section\" data-e-type=\"section\">\n\t\t\t\t\t\t<div class=\"elementor-container elementor-column-gap-default\">\n\t\t\t\t\t<div class=\"elementor-column elementor-col-100 elementor-top-column elementor-element elementor-element-89dea85\" data-id=\"89dea85\" data-element_type=\"column\" data-e-type=\"column\">\n\t\t\t<div class=\"elementor-widget-wrap elementor-element-populated\">\n\t\t\t\t\t\t<div class=\"elementor-element elementor-element-98f2af2 elementor-align-left elementor-widget elementor-widget-button\" data-id=\"98f2af2\" data-element_type=\"widget\" data-e-type=\"widget\" data-widget_type=\"button.default\">\n\t\t\t\t<div class=\"elementor-widget-container\">\n\t\t\t\t\t\t\t\t\t<div class=\"elementor-button-wrapper\">\n\t\t\t\t\t<a class=\"elementor-button elementor-button-link elementor-size-sm\" href=\"https:\/\/cjusticia.gva.es\/es\/web\/inspeccion-general-servicios\/sistema-interno-informacion\" target=\"_blank\" rel=\"nofollow\">\n\t\t\t\t\t\t<span class=\"elementor-button-content-wrapper\">\n\t\t\t\t\t\t<span class=\"elementor-button-icon\">\n\t\t\t\t<i aria-hidden=\"true\" class=\"fas fa-angle-right\"><\/i>\t\t\t<\/span>\n\t\t\t\t\t\t\t\t\t<span class=\"elementor-button-text\">Sistema Interno de Informaci\u00f3n (Canal Interno de Denuncias)<\/span>\n\t\t\t\t\t<\/span>\n\t\t\t\t\t<\/a>\n\t\t\t\t<\/div>\n\t\t\t\t\t\t\t\t<\/div>\n\t\t\t\t<\/div>\n\t\t\t\t\t<\/div>\n\t\t<\/div>\n\t\t\t\t\t<\/div>\n\t\t<\/section>\n\t\t\t\t<\/div>\n\t\t","protected":false},"excerpt":{"rendered":"<p>Con el objetivo de dar cumplimiento a la Ley 2\/2023, de 20 de febrero, reguladora de la protecci\u00f3n de las personas que informen sobre infracciones normativas y de lucha contra la corrupci\u00f3n (BOE n\u00fam. 44, de 21 de febrero de 2023), el 8 de junio de 2023 el \u00f3rgano de gobierno de la Fundaci\u00f3n de&hellip;<\/p>\n","protected":false},"author":3,"featured_media":8333,"parent":0,"menu_order":0,"comment_status":"closed","ping_status":"closed","template":"","meta":{"footnotes":""},"class_list":["post-11797","page","type-page","status-publish","has-post-thumbnail","hentry"],"_links":{"self":[{"href":"https:\/\/www.valer-f.es\/es\/wp-json\/wp\/v2\/pages\/11797","targetHints":{"allow":["GET"]}}],"collection":[{"href":"https:\/\/www.valer-f.es\/es\/wp-json\/wp\/v2\/pages"}],"about":[{"href":"https:\/\/www.valer-f.es\/es\/wp-json\/wp\/v2\/types\/page"}],"author":[{"embeddable":true,"href":"https:\/\/www.valer-f.es\/es\/wp-json\/wp\/v2\/users\/3"}],"replies":[{"embeddable":true,"href":"https:\/\/www.valer-f.es\/es\/wp-json\/wp\/v2\/comments?post=11797"}],"version-history":[{"count":0,"href":"https:\/\/www.valer-f.es\/es\/wp-json\/wp\/v2\/pages\/11797\/revisions"}],"wp:featuredmedia":[{"embeddable":true,"href":"https:\/\/www.valer-f.es\/es\/wp-json\/wp\/v2\/media\/8333"}],"wp:attachment":[{"href":"https:\/\/www.valer-f.es\/es\/wp-json\/wp\/v2\/media?parent=11797"}],"curies":[{"name":"wp","href":"https:\/\/api.w.org\/{rel}","templated":true}]}}

Sistema Interno de Información

<div data-elementor-type="wp-page" data-elementor-id="11797" class="elementor elementor-11797 elementor-11796" data-elementor-post-type="page">
						<section class="elementor-section elementor-top-section elementor-element elementor-element-b973c39 elementor-section-boxed elementor-section-height-default elementor-section-height-default" data-id="b973c39" data-element_type="section" data-e-type="section">
						<div class="elementor-container elementor-column-gap-default">
					<div class="elementor-column elementor-col-100 elementor-top-column elementor-element elementor-element-92da512" data-id="92da512" data-element_type="column" data-e-type="column">
			<div class="elementor-widget-wrap elementor-element-populated">
						<div class="elementor-element elementor-element-43f5494 elementor-widget elementor-widget-text-editor" data-id="43f5494" data-element_type="widget" data-e-type="widget" data-widget_type="text-editor.default">
				<div class="elementor-widget-container">
									<p>Con el objetivo de dar cumplimiento a la Ley 2/2023, de 20 de febrero, reguladora de la protección de las personas que informen sobre infracciones normativas y de lucha contra la corrupción (BOE núm. 44, de 21 de febrero de 2023), el 8 de junio de 2023 el órgano de gobierno de la Fundación de la Comunitat Valenciana de Investigación de Excelencia (ValER) acordó por unanimidad la adhesión de la Fundación al Sistema Interno de Información de la Administración de la Generalitat (SII-GVA), compartiendo los tres elementos que lo integran, de modo que el responsable de la gestión de este sistema sea el mismo que el designado en el Sistema Interno de Información de la Administración de la Generalitat.</p><p>Para acceder al Sistema Interno de Información visita el siguiente enlace:</p>								</div>
				</div>
					</div>
		</div>
					</div>
		</section>
				<section class="elementor-section elementor-top-section elementor-element elementor-element-43be1cb elementor-section-boxed elementor-section-height-default elementor-section-height-default" data-id="43be1cb" data-element_type="section" data-e-type="section">
						<div class="elementor-container elementor-column-gap-default">
					<div class="elementor-column elementor-col-100 elementor-top-column elementor-element elementor-element-89dea85" data-id="89dea85" data-element_type="column" data-e-type="column">
			<div class="elementor-widget-wrap elementor-element-populated">
						<div class="elementor-element elementor-element-98f2af2 elementor-align-left elementor-widget elementor-widget-button" data-id="98f2af2" data-element_type="widget" data-e-type="widget" data-widget_type="button.default">
				<div class="elementor-widget-container">
									<div class="elementor-button-wrapper">
					<a class="elementor-button elementor-button-link elementor-size-sm" href="https://cjusticia.gva.es/es/web/inspeccion-general-servicios/sistema-interno-informacion" target="_blank" rel="nofollow">
						<span class="elementor-button-content-wrapper">
						<span class="elementor-button-icon">
				<i aria-hidden="true" class="fas fa-angle-right"></i>			</span>
									<span class="elementor-button-text">Sistema Interno de Información (Canal Interno de Denuncias)</span>
					</span>
					</a>
				</div>
								</div>
				</div>
					</div>
		</div>
					</div>
		</section>
				</div>

<p>Con el objetivo de dar cumplimiento a la Ley 2/2023, de 20 de febrero, reguladora de la protección de las personas que informen sobre infracciones normativas y de lucha contra la corrupción (BOE núm. 44, de 21 de febrero de 2023), el 8 de junio de 2023 el órgano de gobierno de la Fundación de&hellip;</p>
